Last updated on 2021-11-01 00:49:57 CET.
Flavor | Version | Tinstall | Tcheck | Ttotal | Status | Flags |
---|---|---|---|---|---|---|
r-devel-linux-x86_64-debian-clang | 0.3.1 | 3.76 | 51.30 | 55.06 | NOTE | |
r-devel-linux-x86_64-debian-gcc | 0.3.1 | 3.44 | 38.90 | 42.34 | NOTE | |
r-devel-linux-x86_64-fedora-clang | 0.3.1 | 77.01 | NOTE | |||
r-devel-linux-x86_64-fedora-gcc | 0.3.1 | 64.34 | NOTE | |||
r-devel-windows-x86_64 | 0.3.1 | 7.00 | 73.00 | 80.00 | NOTE | |
r-devel-windows-x86_64-gcc10-UCRT | 0.3.1 | NOTE | ||||
r-patched-linux-x86_64 | 0.3.1 | 3.98 | 48.05 | 52.03 | NOTE | |
r-patched-solaris-x86 | 0.3.1 | 94.60 | NOTE | |||
r-release-linux-x86_64 | 0.3.1 | 3.54 | 47.58 | 51.12 | NOTE | |
r-release-macos-arm64 | 0.3.1 | NOTE | ||||
r-release-macos-x86_64 | 0.3.1 | NOTE | ||||
r-release-windows-ix86+x86_64 | 0.3.1 | 8.00 | 56.00 | 64.00 | NOTE | |
r-oldrel-macos-x86_64 | 0.3.1 | OK | ||||
r-oldrel-windows-ix86+x86_64 | 0.3.1 | 8.00 | 70.00 | 78.00 | OK |
Version: 0.3.1
Check: LazyData
Result: NOTE
'LazyData' is specified without a 'data' directory
Flavors: r-devel-linux-x86_64-debian-clang, r-devel-linux-x86_64-debian-gcc, r-devel-linux-x86_64-fedora-clang, r-devel-linux-x86_64-fedora-gcc, r-devel-windows-x86_64, r-devel-windows-x86_64-gcc10-UCRT, r-patched-linux-x86_64, r-patched-solaris-x86, r-release-linux-x86_64, r-release-macos-arm64, r-release-macos-x86_64, r-release-windows-ix86+x86_64