CRAN Package Check Results for Package WRI

Last updated on 2021-11-01 00:49:57 CET.

Flavor Version Tinstall Tcheck Ttotal Status Flags
r-devel-linux-x86_64-debian-clang 0.1.0 59.16 87.50 146.66 OK
r-devel-linux-x86_64-debian-gcc 0.1.0 41.90 65.76 107.66 OK
r-devel-linux-x86_64-fedora-clang 0.1.0 208.78 NOTE
r-devel-linux-x86_64-fedora-gcc 0.1.0 190.98 NOTE
r-devel-windows-x86_64 0.1.0 76.00 129.00 205.00 OK
r-devel-windows-x86_64-gcc10-UCRT 0.1.0 NOTE
r-patched-linux-x86_64 0.1.0 46.04 83.08 129.12 OK
r-patched-solaris-x86 0.1.0 182.00 NOTE
r-release-linux-x86_64 0.1.0 51.36 82.69 134.05 OK
r-release-macos-arm64 0.1.0 NOTE
r-release-macos-x86_64 0.1.0 NOTE
r-release-windows-ix86+x86_64 0.1.0 99.00 121.00 220.00 OK
r-oldrel-macos-x86_64 0.1.0 NOTE
r-oldrel-windows-ix86+x86_64 0.1.0 108.00 243.00 351.00 OK

Check Details

Version: 0.1.0
Check: dependencies in R code
Result: NOTE
    Namespaces in Imports field not imported from:
     ‘fdadensity’ ‘locfit’ ‘locpol’ ‘modeest’
     All declared Imports should be used.
Flavors: r-devel-linux-x86_64-fedora-clang, r-devel-linux-x86_64-fedora-gcc, r-devel-windows-x86_64-gcc10-UCRT, r-patched-solaris-x86, r-release-macos-arm64, r-release-macos-x86_64, r-oldrel-macos-x86_64