Last updated on 2021-11-01 00:49:57 CET.
Flavor | Version | Tinstall | Tcheck | Ttotal | Status | Flags |
---|---|---|---|---|---|---|
r-devel-linux-x86_64-debian-clang | 2.7.4 | 2.90 | 26.09 | 28.99 | OK | |
r-devel-linux-x86_64-debian-gcc | 2.7.4 | 2.13 | 20.85 | 22.98 | OK | |
r-devel-linux-x86_64-fedora-clang | 2.7.4 | 48.05 | NOTE | |||
r-devel-linux-x86_64-fedora-gcc | 2.7.4 | 35.48 | NOTE | |||
r-devel-windows-x86_64 | 2.7.4 | 5.00 | 44.00 | 49.00 | OK | |
r-devel-windows-x86_64-gcc10-UCRT | 2.7.4 | NOTE | ||||
r-patched-linux-x86_64 | 2.7.4 | 2.75 | 25.46 | 28.21 | OK | |
r-patched-solaris-x86 | 2.7.4 | 57.20 | NOTE | |||
r-release-linux-x86_64 | 2.7.4 | 2.76 | 25.06 | 27.82 | OK | |
r-release-macos-arm64 | 2.7.4 | NOTE | ||||
r-release-macos-x86_64 | 2.7.4 | NOTE | ||||
r-release-windows-ix86+x86_64 | 2.7.4 | 6.00 | 33.00 | 39.00 | OK | |
r-oldrel-macos-x86_64 | 2.7.4 | NOTE | ||||
r-oldrel-windows-ix86+x86_64 | 2.7.4 | 6.00 | 42.00 | 48.00 | OK |
Version: 2.7.4
Check: data for non-ASCII characters
Result: NOTE
Note: found 1537 marked UTF-8 strings
Flavors: r-devel-linux-x86_64-fedora-clang, r-devel-linux-x86_64-fedora-gcc, r-devel-windows-x86_64-gcc10-UCRT, r-patched-solaris-x86, r-release-macos-arm64, r-release-macos-x86_64, r-oldrel-macos-x86_64