CRAN Package Check Results for Package VC2copula

Last updated on 2021-11-01 00:49:57 CET.

Flavor Version Tinstall Tcheck Ttotal Status Flags
r-devel-linux-x86_64-debian-clang 0.1.1 20.98 89.24 110.22 NOTE
r-devel-linux-x86_64-debian-gcc 0.1.1 16.48 69.79 86.27 NOTE
r-devel-linux-x86_64-fedora-clang 0.1.1 151.75 NOTE
r-devel-linux-x86_64-fedora-gcc 0.1.1 137.88 NOTE
r-devel-windows-x86_64 0.1.1 36.00 120.00 156.00 NOTE
r-devel-windows-x86_64-gcc10-UCRT 0.1.1 NOTE
r-patched-linux-x86_64 0.1.1 24.36 86.57 110.93 NOTE
r-patched-solaris-x86 0.1.1 200.60 NOTE
r-release-linux-x86_64 0.1.1 19.66 86.83 106.49 NOTE
r-release-macos-arm64 0.1.1 NOTE
r-release-macos-x86_64 0.1.1 NOTE
r-release-windows-ix86+x86_64 0.1.1 31.00 120.00 151.00 NOTE
r-oldrel-macos-x86_64 0.1.1 OK
r-oldrel-windows-ix86+x86_64 0.1.1 30.00 160.00 190.00 OK

Check Details

Version: 0.1.1
Check: LazyData
Result: NOTE
     'LazyData' is specified without a 'data' directory
Flavors: r-devel-linux-x86_64-debian-clang, r-devel-linux-x86_64-debian-gcc, r-devel-linux-x86_64-fedora-clang, r-devel-linux-x86_64-fedora-gcc, r-devel-windows-x86_64, r-devel-windows-x86_64-gcc10-UCRT, r-patched-linux-x86_64, r-patched-solaris-x86, r-release-linux-x86_64, r-release-macos-arm64, r-release-macos-x86_64, r-release-windows-ix86+x86_64