Last updated on 2021-11-01 00:49:57 CET.
Flavor | Version | Tinstall | Tcheck | Ttotal | Status | Flags |
---|---|---|---|---|---|---|
r-devel-linux-x86_64-debian-clang | 0.1.0 | 2.37 | 28.61 | 30.98 | NOTE | |
r-devel-linux-x86_64-debian-gcc | 0.1.0 | 2.11 | 22.54 | 24.65 | NOTE | |
r-devel-linux-x86_64-fedora-clang | 0.1.0 | 50.85 | OK | |||
r-devel-linux-x86_64-fedora-gcc | 0.1.0 | 38.73 | OK | |||
r-devel-windows-x86_64 | 0.1.0 | 5.00 | 51.00 | 56.00 | NOTE | |
r-devel-windows-x86_64-gcc10-UCRT | 0.1.0 | OK | ||||
r-patched-linux-x86_64 | 0.1.0 | 2.72 | 27.80 | 30.52 | NOTE | |
r-patched-solaris-x86 | 0.1.0 | 53.90 | OK | |||
r-release-linux-x86_64 | 0.1.0 | 2.39 | 27.58 | 29.97 | NOTE | |
r-release-macos-arm64 | 0.1.0 | OK | ||||
r-release-macos-x86_64 | 0.1.0 | OK | ||||
r-release-windows-ix86+x86_64 | 0.1.0 | 4.00 | 36.00 | 40.00 | NOTE | |
r-oldrel-macos-x86_64 | 0.1.0 | OK | ||||
r-oldrel-windows-ix86+x86_64 | 0.1.0 | 5.00 | 48.00 | 53.00 | NOTE |
Version: 0.1.0
Check: package vignettes
Result: NOTE
Package vignette with placeholder title 'Vignette Title':
'VBTree_vignette.Rmd'
Flavors: r-devel-linux-x86_64-debian-clang, r-devel-linux-x86_64-debian-gcc, r-devel-windows-x86_64, r-patched-linux-x86_64, r-release-linux-x86_64, r-release-windows-ix86+x86_64, r-oldrel-windows-ix86+x86_64