Last updated on 2021-11-01 00:49:57 CET.
Flavor | Version | Tinstall | Tcheck | Ttotal | Status | Flags |
---|---|---|---|---|---|---|
r-devel-linux-x86_64-debian-clang | 1.9 | 5.70 | 50.06 | 55.76 | NOTE | |
r-devel-linux-x86_64-debian-gcc | 1.9 | 4.54 | 37.30 | 41.84 | NOTE | |
r-devel-linux-x86_64-fedora-clang | 1.9 | 76.53 | NOTE | |||
r-devel-linux-x86_64-fedora-gcc | 1.9 | 65.16 | NOTE | |||
r-devel-windows-x86_64 | 1.9 | 8.00 | 70.00 | 78.00 | OK | |
r-devel-windows-x86_64-gcc10-UCRT | 1.9 | OK | ||||
r-patched-linux-x86_64 | 1.9 | 5.13 | 47.81 | 52.94 | NOTE | |
r-patched-solaris-x86 | 1.9 | 87.70 | NOTE | |||
r-release-linux-x86_64 | 1.9 | 5.44 | 47.98 | 53.42 | NOTE | |
r-release-macos-arm64 | 1.9 | OK | ||||
r-release-macos-x86_64 | 1.9 | OK | ||||
r-release-windows-ix86+x86_64 | 1.9 | 8.00 | 53.00 | 61.00 | OK | |
r-oldrel-macos-x86_64 | 1.9 | OK | ||||
r-oldrel-windows-ix86+x86_64 | 1.9 | 9.00 | 72.00 | 81.00 | OK |
Version: 1.9
Check: for non-standard things in the check directory
Result: NOTE
Found the following files/directories:
'Output.txt' 'Overlap.csv' 'Polar coordinates.csv'
Flavors: r-devel-linux-x86_64-debian-clang, r-devel-linux-x86_64-debian-gcc, r-devel-linux-x86_64-fedora-clang, r-devel-linux-x86_64-fedora-gcc, r-patched-linux-x86_64, r-patched-solaris-x86, r-release-linux-x86_64
Version: 1.9
Check: Rd cross-references
Result: NOTE
Undeclared package ‘candisc’ in Rd xrefs
Flavor: r-devel-linux-x86_64-fedora-clang