CRAN Package Check Results for Package USgrid

Last updated on 2021-11-01 00:49:57 CET.

Flavor Version Tinstall Tcheck Ttotal Status Flags
r-devel-linux-x86_64-debian-clang 0.1.2 4.37 30.96 35.33 OK
r-devel-linux-x86_64-debian-gcc 0.1.2 3.80 24.11 27.91 OK
r-devel-linux-x86_64-fedora-clang 0.1.2 55.11 NOTE
r-devel-linux-x86_64-fedora-gcc 0.1.2 43.50 NOTE
r-devel-windows-x86_64 0.1.2 8.00 57.00 65.00 OK
r-devel-windows-x86_64-gcc10-UCRT 0.1.2 NOTE
r-patched-linux-x86_64 0.1.2 3.87 29.63 33.50 OK
r-patched-solaris-x86 0.1.2 65.10 NOTE
r-release-linux-x86_64 0.1.2 3.98 29.14 33.12 OK
r-release-macos-arm64 0.1.2 NOTE
r-release-macos-x86_64 0.1.2 NOTE
r-release-windows-ix86+x86_64 0.1.2 7.00 101.00 108.00 OK
r-oldrel-macos-x86_64 0.1.2 NOTE
r-oldrel-windows-ix86+x86_64 0.1.2 7.00 55.00 62.00 OK

Check Details

Version: 0.1.2
Check: dependencies in R code
Result: NOTE
    Namespace in Imports field not imported from: ‘tsibble’
     All declared Imports should be used.
Flavors: r-devel-linux-x86_64-fedora-clang, r-devel-linux-x86_64-fedora-gcc, r-devel-windows-x86_64-gcc10-UCRT, r-patched-solaris-x86, r-release-macos-arm64, r-release-macos-x86_64, r-oldrel-macos-x86_64