Last updated on 2021-11-01 00:49:57 CET.
Flavor | Version | Tinstall | Tcheck | Ttotal | Status | Flags |
---|---|---|---|---|---|---|
r-devel-linux-x86_64-debian-clang | 0.0-3 | 64.82 | 71.25 | 136.07 | OK | |
r-devel-linux-x86_64-debian-gcc | 0.0-3 | 38.37 | 56.08 | 94.45 | OK | |
r-devel-linux-x86_64-fedora-clang | 0.0-3 | 206.10 | OK | |||
r-devel-linux-x86_64-fedora-gcc | 0.0-3 | 158.30 | OK | |||
r-devel-windows-x86_64 | 0.0-3 | 64.00 | 106.00 | 170.00 | OK | |
r-devel-windows-x86_64-gcc10-UCRT | 0.0-3 | OK | ||||
r-patched-linux-x86_64 | 0.0-3 | 44.70 | 68.77 | 113.47 | OK | |
r-patched-solaris-x86 | 0.0-3 | 202.10 | OK | |||
r-release-linux-x86_64 | 0.0-3 | 42.43 | 68.76 | 111.19 | OK | |
r-release-macos-arm64 | 0.0-3 | NOTE | ||||
r-release-macos-x86_64 | 0.0-3 | NOTE | ||||
r-release-windows-ix86+x86_64 | 0.0-3 | 88.00 | 97.00 | 185.00 | OK | |
r-oldrel-macos-x86_64 | 0.0-3 | NOTE | ||||
r-oldrel-windows-ix86+x86_64 | 0.0-3 | 96.00 | 132.00 | 228.00 | OK |
Version: 0.0-3
Check: installed package size
Result: NOTE
installed size is 6.4Mb
sub-directories of 1Mb or more:
libs 6.3Mb
Flavors: r-release-macos-arm64, r-release-macos-x86_64, r-oldrel-macos-x86_64