Last updated on 2021-11-01 00:49:57 CET.
Flavor | Version | Tinstall | Tcheck | Ttotal | Status | Flags |
---|---|---|---|---|---|---|
r-devel-linux-x86_64-debian-clang | 1.1.1 | 12.24 | 101.18 | 113.42 | OK | |
r-devel-linux-x86_64-debian-gcc | 1.1.1 | 10.88 | 75.35 | 86.23 | OK | |
r-devel-linux-x86_64-fedora-clang | 1.1.1 | 154.34 | NOTE | |||
r-devel-linux-x86_64-fedora-gcc | 1.1.1 | 141.78 | OK | |||
r-devel-windows-x86_64 | 1.1.1 | 23.00 | 138.00 | 161.00 | NOTE | |
r-devel-windows-x86_64-gcc10-UCRT | 1.1.1 | OK | ||||
r-patched-linux-x86_64 | 1.1.1 | 11.99 | 94.87 | 106.86 | OK | |
r-patched-solaris-x86 | 1.1.1 | 196.00 | NOTE | |||
r-release-linux-x86_64 | 1.1.1 | 12.02 | 95.52 | 107.54 | OK | |
r-release-macos-arm64 | 1.1.1 | NOTE | ||||
r-release-macos-x86_64 | 1.1.1 | NOTE | ||||
r-release-windows-ix86+x86_64 | 1.1.1 | 20.00 | 229.00 | 249.00 | NOTE | |
r-oldrel-macos-x86_64 | 1.1.1 | NOTE | ||||
r-oldrel-windows-ix86+x86_64 | 1.1.1 | 23.00 | 231.00 | 254.00 | NOTE |
Version: 1.1.1
Check: installed package size
Result: NOTE
installed size is 6.9Mb
sub-directories of 1Mb or more:
doc 1.6Mb
shinyapp 3.4Mb
Flavors: r-devel-linux-x86_64-fedora-clang, r-devel-windows-x86_64, r-patched-solaris-x86, r-release-macos-arm64, r-release-macos-x86_64, r-release-windows-ix86+x86_64, r-oldrel-macos-x86_64, r-oldrel-windows-ix86+x86_64