CRAN Package Check Results for Package TidyMultiqc

Last updated on 2021-11-01 00:49:56 CET.

Flavor Version Tinstall Tcheck Ttotal Status Flags
r-devel-linux-x86_64-debian-clang 0.1.0 2.43 39.34 41.77 OK
r-devel-linux-x86_64-debian-gcc 0.1.0 1.98 30.33 32.31 OK
r-devel-linux-x86_64-fedora-clang 0.1.0 62.54 NOTE
r-devel-linux-x86_64-fedora-gcc 0.1.0 50.65 NOTE
r-devel-windows-x86_64 0.1.0 5.00 65.00 70.00 OK
r-devel-windows-x86_64-gcc10-UCRT 0.1.0 NOTE
r-patched-linux-x86_64 0.1.0 2.31 36.88 39.19 OK
r-patched-solaris-x86 0.1.0 64.30 NOTE
r-release-linux-x86_64 0.1.0 2.42 37.09 39.51 OK
r-release-macos-arm64 0.1.0 NOTE
r-release-macos-x86_64 0.1.0 NOTE
r-release-windows-ix86+x86_64 0.1.0 4.00 48.00 52.00 OK
r-oldrel-macos-x86_64 0.1.0 NOTE
r-oldrel-windows-ix86+x86_64 0.1.0 5.00 83.00 88.00 OK

Check Details

Version: 0.1.0
Check: dependencies in R code
Result: NOTE
    Namespace in Imports field not imported from: ‘tibble’
     All declared Imports should be used.
Flavors: r-devel-linux-x86_64-fedora-clang, r-devel-linux-x86_64-fedora-gcc, r-devel-windows-x86_64-gcc10-UCRT, r-patched-solaris-x86, r-release-macos-arm64, r-release-macos-x86_64, r-oldrel-macos-x86_64