CRAN Package Check Results for Package TiPS

Last updated on 2021-11-01 00:49:56 CET.

Flavor Version Tinstall Tcheck Ttotal Status Flags
r-devel-linux-x86_64-debian-clang 1.0 46.40 137.25 183.65 OK
r-devel-linux-x86_64-debian-gcc 1.0 33.76 71.83 105.59 OK
r-devel-linux-x86_64-fedora-clang 1.0 210.11 OK
r-devel-linux-x86_64-fedora-gcc 1.0 184.28 OK
r-devel-windows-x86_64 1.0 62.00 106.00 168.00 WARN
r-devel-windows-x86_64-gcc10-UCRT 1.0 OK
r-patched-linux-x86_64 1.0 42.04 91.84 133.88 OK
r-patched-solaris-x86 1.0 152.40 OK
r-release-linux-x86_64 1.0 44.48 172.37 216.85 OK
r-release-macos-arm64 1.0 NOTE
r-release-macos-x86_64 1.0 OK
r-release-windows-ix86+x86_64 1.0 87.00 129.00 216.00 OK
r-oldrel-macos-x86_64 1.0 OK
r-oldrel-windows-ix86+x86_64 1.0 93.00 132.00 225.00 WARN

Check Details

Version: 1.0
Check: re-building of vignette outputs
Result: WARN
    Error(s) in re-building vignettes:
    --- re-building 'TiPS.Rmd' using rmarkdown
    Building the simulator ...
    Compiling the simulator ...
    Process complete.
    Success!
    Success!
    Failure. You should try other parameter values.
    Quitting from lines 194-200 (TiPS.Rmd)
    Error: processing vignette 'TiPS.Rmd' failed with diagnostics:
    basic_string::_M_create
    --- failed re-building 'TiPS.Rmd'
    
    SUMMARY: processing the following file failed:
     'TiPS.Rmd'
    
    Error: Vignette re-building failed.
    Execution halted
Flavor: r-devel-windows-x86_64

Version: 1.0
Check: installed package size
Result: NOTE
     installed size is 5.7Mb
     sub-directories of 1Mb or more:
     doc 1.2Mb
     libs 4.3Mb
Flavor: r-release-macos-arm64

Version: 1.0
Check: re-building of vignette outputs
Result: WARN
    Error(s) in re-building vignettes:
    --- re-building 'TiPS.Rmd' using rmarkdown
    Building the simulator ...
    Compiling the simulator ...
    Process complete.
    Failure. You should try other parameter values.
    Quitting from lines 143-147 (TiPS.Rmd)
    Error: processing vignette 'TiPS.Rmd' failed with diagnostics:
    basic_string::_M_create
    --- failed re-building 'TiPS.Rmd'
    
    SUMMARY: processing the following file failed:
     'TiPS.Rmd'
    
    Error: Vignette re-building failed.
    Execution halted
Flavor: r-oldrel-windows-ix86+x86_64