CRAN Package Check Results for Package TensorClustering

Last updated on 2021-11-01 00:49:55 CET.

Flavor Version Tinstall Tcheck Ttotal Status Flags
r-devel-linux-x86_64-debian-clang 1.0.2 7.20 43.43 50.63 OK
r-devel-linux-x86_64-debian-gcc 1.0.2 4.87 34.18 39.05 OK
r-devel-linux-x86_64-fedora-clang 1.0.2 71.86 NOTE
r-devel-linux-x86_64-fedora-gcc 1.0.2 60.81 NOTE
r-devel-windows-x86_64 1.0.2 11.00 67.00 78.00 OK
r-devel-windows-x86_64-gcc10-UCRT 1.0.2 NOTE
r-patched-linux-x86_64 1.0.2 6.44 42.22 48.66 OK
r-patched-solaris-x86 1.0.2 82.00 NOTE
r-release-linux-x86_64 1.0.2 6.69 42.00 48.69 OK
r-release-macos-arm64 1.0.2 NOTE
r-release-macos-x86_64 1.0.2 NOTE
r-release-windows-ix86+x86_64 1.0.2 11.00 143.00 154.00 OK
r-oldrel-macos-x86_64 1.0.2 NOTE
r-oldrel-windows-ix86+x86_64 1.0.2 13.00 87.00 100.00 OK

Check Details

Version: 1.0.2
Check: dependencies in R code
Result: NOTE
    Namespace in Imports field not imported from: ‘Rcpp’
     All declared Imports should be used.
Flavors: r-devel-linux-x86_64-fedora-clang, r-devel-linux-x86_64-fedora-gcc, r-devel-windows-x86_64-gcc10-UCRT, r-patched-solaris-x86, r-release-macos-arm64, r-release-macos-x86_64, r-oldrel-macos-x86_64