Last updated on 2021-11-01 00:49:56 CET.
Flavor | Version | Tinstall | Tcheck | Ttotal | Status | Flags |
---|---|---|---|---|---|---|
r-devel-linux-x86_64-debian-clang | 0.3.1 | 9.90 | 80.97 | 90.87 | OK | |
r-devel-linux-x86_64-debian-gcc | 0.3.1 | 8.34 | 61.64 | 69.98 | OK | |
r-devel-linux-x86_64-fedora-clang | 0.3.1 | 128.37 | NOTE | |||
r-devel-linux-x86_64-fedora-gcc | 0.3.1 | 106.06 | OK | |||
r-devel-windows-x86_64 | 0.3.1 | 16.00 | 103.00 | 119.00 | OK | |
r-devel-windows-x86_64-gcc10-UCRT | 0.3.1 | OK | ||||
r-patched-linux-x86_64 | 0.3.1 | 10.48 | 76.54 | 87.02 | OK | |
r-patched-solaris-x86 | 0.3.1 | 154.60 | OK | |||
r-release-linux-x86_64 | 0.3.1 | 9.46 | 75.99 | 85.45 | OK | |
r-release-macos-arm64 | 0.3.1 | OK | ||||
r-release-macos-x86_64 | 0.3.1 | OK | ||||
r-release-windows-ix86+x86_64 | 0.3.1 | 16.00 | 76.00 | 92.00 | OK | |
r-oldrel-macos-x86_64 | 0.3.1 | OK | ||||
r-oldrel-windows-ix86+x86_64 | 0.3.1 | 17.00 | 105.00 | 122.00 | OK |
Version: 0.3.1
Check: Rd cross-references
Result: NOTE
Undeclared package ‘gimms’ in Rd xrefs
Flavor: r-devel-linux-x86_64-fedora-clang