Last updated on 2021-11-01 00:49:56 CET.
Flavor | Version | Tinstall | Tcheck | Ttotal | Status | Flags |
---|---|---|---|---|---|---|
r-devel-linux-x86_64-debian-clang | 5.1 | 9.78 | 82.79 | 92.57 | OK | |
r-devel-linux-x86_64-debian-gcc | 5.1 | 7.79 | 60.05 | 67.84 | OK | |
r-devel-linux-x86_64-fedora-clang | 5.1 | 128.68 | NOTE | |||
r-devel-linux-x86_64-fedora-gcc | 5.1 | 112.08 | NOTE | |||
r-devel-windows-x86_64 | 5.1 | 14.00 | 120.00 | 134.00 | OK | |
r-devel-windows-x86_64-gcc10-UCRT | 5.1 | NOTE | ||||
r-patched-linux-x86_64 | 5.1 | 14.94 | 78.71 | 93.65 | OK | |
r-patched-solaris-x86 | 5.1 | 136.40 | NOTE | |||
r-release-linux-x86_64 | 5.1 | 10.21 | 77.63 | 87.84 | OK | |
r-release-macos-arm64 | 5.1 | NOTE | ||||
r-release-macos-x86_64 | 5.1 | NOTE | ||||
r-release-windows-ix86+x86_64 | 5.1 | 14.00 | 80.00 | 94.00 | OK | |
r-oldrel-macos-x86_64 | 5.1 | NOTE | ||||
r-oldrel-windows-ix86+x86_64 | 5.1 | 10.00 | 110.00 | 120.00 | OK |
Version: 5.1
Check: dependencies in R code
Result: NOTE
Namespaces in Imports field not imported from:
‘EMD’ ‘vars’
All declared Imports should be used.
Flavors: r-devel-linux-x86_64-fedora-clang, r-devel-linux-x86_64-fedora-gcc, r-devel-windows-x86_64-gcc10-UCRT, r-patched-solaris-x86, r-release-macos-arm64, r-release-macos-x86_64, r-oldrel-macos-x86_64