CRAN Package Check Results for Package TNC

Last updated on 2021-11-01 00:49:56 CET.

Flavor Version Tinstall Tcheck Ttotal Status Flags
r-devel-linux-x86_64-debian-clang 0.1.0 2.72 23.99 26.71 NOTE
r-devel-linux-x86_64-debian-gcc 0.1.0 2.03 18.99 21.02 NOTE
r-devel-linux-x86_64-fedora-clang 0.1.0 44.02 NOTE
r-devel-linux-x86_64-fedora-gcc 0.1.0 32.15 NOTE
r-devel-windows-x86_64 0.1.0 5.00 107.00 112.00 NOTE
r-devel-windows-x86_64-gcc10-UCRT 0.1.0 NOTE
r-patched-linux-x86_64 0.1.0 2.34 23.43 25.77 NOTE
r-patched-solaris-x86 0.1.0 53.30 NOTE
r-release-linux-x86_64 0.1.0 2.64 23.52 26.16 NOTE
r-release-macos-arm64 0.1.0 NOTE
r-release-macos-x86_64 0.1.0 NOTE
r-release-windows-ix86+x86_64 0.1.0 4.00 30.00 34.00 NOTE
r-oldrel-macos-x86_64 0.1.0 OK
r-oldrel-windows-ix86+x86_64 0.1.0 5.00 41.00 46.00 OK

Check Details

Version: 0.1.0
Check: LazyData
Result: NOTE
     'LazyData' is specified without a 'data' directory
Flavors: r-devel-linux-x86_64-debian-clang, r-devel-linux-x86_64-debian-gcc, r-devel-linux-x86_64-fedora-clang, r-devel-linux-x86_64-fedora-gcc, r-devel-windows-x86_64, r-devel-windows-x86_64-gcc10-UCRT, r-patched-linux-x86_64, r-patched-solaris-x86, r-release-linux-x86_64, r-release-macos-arm64, r-release-macos-x86_64, r-release-windows-ix86+x86_64