CRAN Package Check Results for Package StepReg

Last updated on 2021-11-01 00:49:55 CET.

Flavor Version Tinstall Tcheck Ttotal Status Flags
r-devel-linux-x86_64-debian-clang 1.4.2 41.81 33.21 75.02 OK
r-devel-linux-x86_64-debian-gcc 1.4.2 33.28 27.22 60.50 OK
r-devel-linux-x86_64-fedora-clang 1.4.2 119.76 NOTE
r-devel-linux-x86_64-fedora-gcc 1.4.2 103.93 OK
r-devel-windows-x86_64 1.4.2 54.00 65.00 119.00 OK
r-devel-windows-x86_64-gcc10-UCRT 1.4.2 OK
r-patched-linux-x86_64 1.4.2 38.54 34.15 72.69 OK
r-patched-solaris-x86 1.4.2 108.70 OK
r-release-linux-x86_64 1.4.2 38.34 34.33 72.67 OK
r-release-macos-arm64 1.4.2 NOTE
r-release-macos-x86_64 1.4.2 NOTE
r-release-windows-ix86+x86_64 1.4.2 72.00 67.00 139.00 OK
r-oldrel-macos-x86_64 1.4.2 NOTE
r-oldrel-windows-ix86+x86_64 1.4.2 72.00 84.00 156.00 OK

Check Details

Version: 1.4.2
Check: installed package size
Result: NOTE
     installed size is 11.6Mb
     sub-directories of 1Mb or more:
     libs 11.4Mb
Flavors: r-devel-linux-x86_64-fedora-clang, r-release-macos-arm64, r-release-macos-x86_64, r-oldrel-macos-x86_64