CRAN Package Check Results for Package StempCens

Last updated on 2021-11-01 00:49:55 CET.

Flavor Version Tinstall Tcheck Ttotal Status Flags
r-devel-linux-x86_64-debian-clang 1.1.0 47.14 103.20 150.34 OK
r-devel-linux-x86_64-debian-gcc 1.1.0 37.75 77.94 115.69 OK
r-devel-linux-x86_64-fedora-clang 1.1.0 209.77 OK
r-devel-linux-x86_64-fedora-gcc 1.1.0 192.79 OK
r-devel-windows-x86_64 1.1.0 65.00 138.00 203.00 OK
r-devel-windows-x86_64-gcc10-UCRT 1.1.0 OK
r-patched-linux-x86_64 1.1.0 46.61 98.62 145.23 OK
r-patched-solaris-x86 1.1.0 236.80 OK
r-release-linux-x86_64 1.1.0 43.08 97.83 140.91 OK
r-release-macos-arm64 1.1.0 NOTE
r-release-macos-x86_64 1.1.0 OK
r-release-windows-ix86+x86_64 1.1.0 87.00 132.00 219.00 OK
r-oldrel-macos-x86_64 1.1.0 OK
r-oldrel-windows-ix86+x86_64 1.1.0 94.00 181.00 275.00 OK

Check Details

Version: 1.1.0
Check: installed package size
Result: NOTE
     installed size is 5.1Mb
     sub-directories of 1Mb or more:
     libs 4.9Mb
Flavor: r-release-macos-arm64