CRAN Package Check Results for Package SpatialKWD

Last updated on 2021-11-01 00:49:54 CET.

Flavor Version Tinstall Tcheck Ttotal Status Flags
r-devel-linux-x86_64-debian-clang 0.4.0 37.30 38.08 75.38 OK
r-devel-linux-x86_64-debian-gcc 0.4.0 31.24 36.10 67.34 OK
r-devel-linux-x86_64-fedora-clang 0.4.0 122.82 NOTE
r-devel-linux-x86_64-fedora-gcc 0.4.0 105.46 OK
r-devel-windows-x86_64 0.4.0 45.00 67.00 112.00 OK
r-devel-windows-x86_64-gcc10-UCRT 0.4.0 OK
r-patched-linux-x86_64 0.4.0 36.24 37.39 73.63 OK
r-patched-solaris-x86 0.4.0 113.40 OK
r-release-linux-x86_64 0.4.0 35.52 38.57 74.09 OK
r-release-macos-arm64 0.4.0 NOTE
r-release-macos-x86_64 0.4.0 NOTE
r-release-windows-ix86+x86_64 0.4.0 66.00 71.00 137.00 OK
r-oldrel-macos-x86_64 0.4.0 NOTE
r-oldrel-windows-ix86+x86_64 0.4.0 67.00 86.00 153.00 OK

Check Details

Version: 0.4.0
Check: installed package size
Result: NOTE
     installed size is 5.2Mb
     sub-directories of 1Mb or more:
     libs 4.7Mb
Flavors: r-devel-linux-x86_64-fedora-clang, r-release-macos-arm64, r-release-macos-x86_64, r-oldrel-macos-x86_64