Last updated on 2021-11-01 00:49:54 CET.
Flavor | Version | Tinstall | Tcheck | Ttotal | Status | Flags |
---|---|---|---|---|---|---|
r-devel-linux-x86_64-debian-clang | 2.0-5 | 5.05 | 204.93 | 209.98 | OK | |
r-devel-linux-x86_64-debian-gcc | 2.0-5 | 3.65 | 148.49 | 152.14 | OK | |
r-devel-linux-x86_64-fedora-clang | 2.0-5 | 261.25 | OK | |||
r-devel-linux-x86_64-fedora-gcc | 2.0-5 | 270.57 | OK | |||
r-devel-windows-x86_64 | 2.0-5 | 8.00 | 311.00 | 319.00 | OK | |
r-devel-windows-x86_64-gcc10-UCRT | 2.0-5 | OK | ||||
r-patched-linux-x86_64 | 2.0-5 | 6.26 | 237.87 | 244.13 | OK | |
r-patched-solaris-x86 | 2.0-5 | 408.50 | NOTE | |||
r-release-linux-x86_64 | 2.0-5 | 3.88 | 236.34 | 240.22 | OK | |
r-release-macos-arm64 | 2.0-5 | OK | ||||
r-release-macos-x86_64 | 2.0-5 | OK | ||||
r-release-windows-ix86+x86_64 | 2.0-5 | 8.00 | 265.00 | 273.00 | OK | |
r-oldrel-macos-x86_64 | 2.0-5 | OK | ||||
r-oldrel-windows-ix86+x86_64 | 2.0-5 | 8.00 | 373.00 | 381.00 | OK |
Version: 2.0-5
Check: installed package size
Result: NOTE
installed size is 5.0Mb
sub-directories of 1Mb or more:
doc 4.2Mb
Flavor: r-patched-solaris-x86