CRAN Package Check Results for Package SimSurvNMarker

Last updated on 2021-11-01 00:49:54 CET.

Flavor Version Tinstall Tcheck Ttotal Status Flags
r-devel-linux-x86_64-debian-clang 0.1.1 55.23 35.51 90.74 NOTE
r-devel-linux-x86_64-debian-gcc 0.1.1 43.64 28.15 71.79 NOTE
r-devel-linux-x86_64-fedora-clang 0.1.1 159.75 NOTE
r-devel-linux-x86_64-fedora-gcc 0.1.1 127.18 NOTE
r-devel-windows-x86_64 0.1.1 79.00 74.00 153.00 NOTE
r-devel-windows-x86_64-gcc10-UCRT 0.1.1 NOTE
r-patched-linux-x86_64 0.1.1 54.23 34.83 89.06 NOTE
r-patched-solaris-x86 0.1.1 141.30 NOTE
r-release-linux-x86_64 0.1.1 54.29 34.65 88.94 NOTE
r-release-macos-arm64 0.1.1 NOTE
r-release-macos-x86_64 0.1.1 NOTE
r-release-windows-ix86+x86_64 0.1.1 122.00 66.00 188.00 NOTE
r-oldrel-macos-x86_64 0.1.1 OK
r-oldrel-windows-ix86+x86_64 0.1.1 111.00 91.00 202.00 OK

Check Details

Version: 0.1.1
Check: LazyData
Result: NOTE
     'LazyData' is specified without a 'data' directory
Flavors: r-devel-linux-x86_64-debian-clang, r-devel-linux-x86_64-debian-gcc, r-devel-linux-x86_64-fedora-clang, r-devel-linux-x86_64-fedora-gcc, r-devel-windows-x86_64, r-devel-windows-x86_64-gcc10-UCRT, r-patched-linux-x86_64, r-patched-solaris-x86, r-release-linux-x86_64, r-release-macos-arm64, r-release-macos-x86_64, r-release-windows-ix86+x86_64