CRAN Package Check Results for Package SeqDetect

Last updated on 2021-11-01 00:49:53 CET.

Flavor Version Tinstall Tcheck Ttotal Status Flags
r-devel-linux-x86_64-debian-clang 1.0.7 69.62 82.87 152.49 OK
r-devel-linux-x86_64-debian-gcc 1.0.7 52.59 61.46 114.05 OK
r-devel-linux-x86_64-fedora-clang 1.0.7 234.70 NOTE
r-devel-linux-x86_64-fedora-gcc 1.0.7 202.03 OK
r-devel-windows-x86_64 1.0.7 86.00 125.00 211.00 OK
r-devel-windows-x86_64-gcc10-UCRT 1.0.7 OK
r-patched-linux-x86_64 1.0.7 62.48 76.92 139.40 OK
r-patched-solaris-x86 1.0.7 214.50 OK
r-release-linux-x86_64 1.0.7 57.43 76.90 134.33 OK
r-release-macos-arm64 1.0.7 NOTE
r-release-macos-x86_64 1.0.7 NOTE
r-release-windows-ix86+x86_64 1.0.7 114.00 105.00 219.00 OK
r-oldrel-macos-x86_64 1.0.7 NOTE
r-oldrel-windows-ix86+x86_64 1.0.7 113.00 149.00 262.00 OK

Check Details

Version: 1.0.7
Check: installed package size
Result: NOTE
     installed size is 8.8Mb
     sub-directories of 1Mb or more:
     libs 7.5Mb
Flavors: r-devel-linux-x86_64-fedora-clang, r-release-macos-arm64, r-release-macos-x86_64, r-oldrel-macos-x86_64