CRAN Package Check Results for Package SelvarMix

Last updated on 2021-11-01 00:49:53 CET.

Flavor Version Tinstall Tcheck Ttotal Status Flags
r-devel-linux-x86_64-debian-clang 1.2.1 136.89 33.92 170.81 OK
r-devel-linux-x86_64-debian-gcc 1.2.1 107.20 27.13 134.33 OK
r-devel-linux-x86_64-fedora-clang 1.2.1 292.13 NOTE
r-devel-linux-x86_64-fedora-gcc 1.2.1 256.82 OK
r-devel-windows-x86_64 1.2.1 191.00 69.00 260.00 OK
r-devel-windows-x86_64-gcc10-UCRT 1.2.1 OK
r-patched-linux-x86_64 1.2.1 131.75 33.93 165.68 OK
r-patched-solaris-x86 1.2.1 225.00 OK
r-release-linux-x86_64 1.2.1 127.28 33.94 161.22 OK
r-release-macos-arm64 1.2.1 NOTE
r-release-macos-x86_64 1.2.1 NOTE
r-release-windows-ix86+x86_64 1.2.1 274.00 67.00 341.00 OK
r-oldrel-macos-x86_64 1.2.1 NOTE
r-oldrel-windows-ix86+x86_64 1.2.1 267.00 82.00 349.00 OK

Check Details

Version: 1.2.1
Check: installed package size
Result: NOTE
     installed size is 5.3Mb
     sub-directories of 1Mb or more:
     libs 5.1Mb
Flavors: r-devel-linux-x86_64-fedora-clang, r-release-macos-arm64, r-release-macos-x86_64, r-oldrel-macos-x86_64