CRAN Package Check Results for Package Select

Last updated on 2021-11-01 00:49:53 CET.

Flavor Version Tinstall Tcheck Ttotal Status Flags
r-devel-linux-x86_64-debian-clang 1.4 2.32 31.44 33.76 OK
r-devel-linux-x86_64-debian-gcc 1.4 1.86 24.87 26.73 OK
r-devel-linux-x86_64-fedora-clang 1.4 51.95 NOTE
r-devel-linux-x86_64-fedora-gcc 1.4 41.57 NOTE
r-devel-windows-x86_64 1.4 4.00 57.00 61.00 OK
r-devel-windows-x86_64-gcc10-UCRT 1.4 NOTE
r-patched-linux-x86_64 1.4 2.45 30.51 32.96 OK
r-patched-solaris-x86 1.4 56.90 NOTE
r-release-linux-x86_64 1.4 2.42 31.08 33.50 OK
r-release-macos-arm64 1.4 NOTE
r-release-macos-x86_64 1.4 NOTE
r-release-windows-ix86+x86_64 1.4 5.00 38.00 43.00 OK
r-oldrel-macos-x86_64 1.4 NOTE
r-oldrel-windows-ix86+x86_64 1.4 5.00 50.00 55.00 OK

Check Details

Version: 1.4
Check: dependencies in R code
Result: NOTE
    Namespace in Imports field not imported from: ‘FD’
     All declared Imports should be used.
Flavors: r-devel-linux-x86_64-fedora-clang, r-devel-linux-x86_64-fedora-gcc, r-devel-windows-x86_64-gcc10-UCRT, r-patched-solaris-x86, r-release-macos-arm64, r-release-macos-x86_64, r-oldrel-macos-x86_64