CRAN Package Check Results for Package STraTUS

Last updated on 2021-11-01 00:49:55 CET.

Flavor Version Tinstall Tcheck Ttotal Status Flags
r-devel-linux-x86_64-debian-clang 1.1.2 13.42 128.00 141.42 OK
r-devel-linux-x86_64-debian-gcc 1.1.2 11.81 94.85 106.66 OK
r-devel-linux-x86_64-fedora-clang 1.1.2 180.43 OK
r-devel-linux-x86_64-fedora-gcc 1.1.2 164.58 OK
r-devel-windows-x86_64 1.1.2 22.00 157.00 179.00 OK
r-devel-windows-x86_64-gcc10-UCRT 1.1.2 OK
r-patched-linux-x86_64 1.1.2 14.10 120.69 134.79 OK
r-patched-solaris-x86 1.1.2 232.90 OK
r-release-linux-x86_64 1.1.2 13.30 118.07 131.37 OK
r-release-macos-arm64 1.1.2 OK
r-release-macos-x86_64 1.1.2 ERROR
r-release-windows-ix86+x86_64 1.1.2 26.00 103.00 129.00 OK
r-oldrel-macos-x86_64 1.1.2 ERROR
r-oldrel-windows-ix86+x86_64 1.1.2 3.00 7.00 10.00 ERROR

Check Details

Version: 1.1.2
Check: package dependencies
Result: ERROR
    Package required but not available: ‘ggtree’
    
    See section ‘The DESCRIPTION file’ in the ‘Writing R Extensions’
    manual.
Flavors: r-release-macos-x86_64, r-oldrel-macos-x86_64

Version: 1.1.2
Check: whether package can be installed
Result: ERROR
    Installation failed.
Flavor: r-oldrel-windows-ix86+x86_64