Last updated on 2021-11-01 00:49:54 CET.
Flavor | Version | Tinstall | Tcheck | Ttotal | Status | Flags |
---|---|---|---|---|---|---|
r-devel-linux-x86_64-debian-clang | 0.2.1 | 31.64 | 26.40 | 58.04 | OK | |
r-devel-linux-x86_64-debian-gcc | 0.2.1 | 23.43 | 21.27 | 44.70 | OK | |
r-devel-linux-x86_64-fedora-clang | 0.2.1 | 97.95 | NOTE | |||
r-devel-linux-x86_64-fedora-gcc | 0.2.1 | 78.89 | NOTE | |||
r-devel-windows-x86_64 | 0.2.1 | 43.00 | 61.00 | 104.00 | OK | |
r-devel-windows-x86_64-gcc10-UCRT | 0.2.1 | NOTE | ||||
r-patched-linux-x86_64 | 0.2.1 | 28.05 | 26.03 | 54.08 | OK | |
r-patched-solaris-x86 | 0.2.1 | 84.60 | NOTE | |||
r-release-linux-x86_64 | 0.2.1 | 28.27 | 26.18 | 54.45 | OK | |
r-release-macos-arm64 | 0.2.1 | NOTE | ||||
r-release-macos-x86_64 | 0.2.1 | NOTE | ||||
r-release-windows-ix86+x86_64 | 0.2.1 | 64.00 | 54.00 | 118.00 | OK | |
r-oldrel-macos-x86_64 | 0.2.1 | NOTE | ||||
r-oldrel-windows-ix86+x86_64 | 0.2.1 | 63.00 | 70.00 | 133.00 | OK |
Version: 0.2.1
Check: dependencies in R code
Result: NOTE
Namespace in Imports field not imported from: ‘MASS’
All declared Imports should be used.
Flavors: r-devel-linux-x86_64-fedora-clang, r-devel-linux-x86_64-fedora-gcc, r-devel-windows-x86_64-gcc10-UCRT, r-patched-solaris-x86, r-release-macos-arm64, r-release-macos-x86_64, r-oldrel-macos-x86_64
Version: 0.2.1
Check: package dependencies
Result: NOTE
Package suggested but not available for checking: ‘gifski’
Flavor: r-patched-solaris-x86