CRAN Package Check Results for Package SPCDAnalyze

Last updated on 2021-11-01 00:49:54 CET.

Flavor Version Tinstall Tcheck Ttotal Status Flags
r-devel-linux-x86_64-debian-clang 0.1.0 8.55 73.20 81.75 NOTE
r-devel-linux-x86_64-debian-gcc 0.1.0 7.22 56.92 64.14 NOTE
r-devel-linux-x86_64-fedora-clang 0.1.0 110.56 NOTE
r-devel-linux-x86_64-fedora-gcc 0.1.0 99.33 NOTE
r-devel-windows-x86_64 0.1.0 13.00 105.00 118.00 NOTE
r-devel-windows-x86_64-gcc10-UCRT 0.1.0 NOTE
r-patched-linux-x86_64 0.1.0 8.41 71.04 79.45 NOTE
r-patched-solaris-x86 0.1.0 144.00 NOTE
r-release-linux-x86_64 0.1.0 9.24 71.88 81.12 NOTE
r-release-macos-arm64 0.1.0 NOTE
r-release-macos-x86_64 0.1.0 NOTE
r-release-windows-ix86+x86_64 0.1.0 13.00 66.00 79.00 NOTE
r-oldrel-macos-x86_64 0.1.0 OK
r-oldrel-windows-ix86+x86_64 0.1.0 12.00 94.00 106.00 OK

Check Details

Version: 0.1.0
Check: LazyData
Result: NOTE
     'LazyData' is specified without a 'data' directory
Flavors: r-devel-linux-x86_64-debian-clang, r-devel-linux-x86_64-debian-gcc, r-devel-linux-x86_64-fedora-clang, r-devel-linux-x86_64-fedora-gcc, r-devel-windows-x86_64, r-devel-windows-x86_64-gcc10-UCRT, r-patched-linux-x86_64, r-patched-solaris-x86, r-release-linux-x86_64, r-release-macos-arm64, r-release-macos-x86_64, r-release-windows-ix86+x86_64