Last updated on 2021-11-01 00:49:54 CET.
Flavor | Version | Tinstall | Tcheck | Ttotal | Status | Flags |
---|---|---|---|---|---|---|
r-devel-linux-x86_64-debian-clang | 2020.1.1 | 72.95 | 81.40 | 154.35 | OK | |
r-devel-linux-x86_64-debian-gcc | 2020.1.1 | 61.87 | 62.98 | 124.85 | OK | |
r-devel-linux-x86_64-fedora-clang | 2020.1.1 | 233.34 | NOTE | |||
r-devel-linux-x86_64-fedora-gcc | 2020.1.1 | 216.45 | OK | |||
r-devel-windows-x86_64 | 2020.1.1 | 74.00 | 134.00 | 208.00 | NOTE | |
r-devel-windows-x86_64-gcc10-UCRT | 2020.1.1 | OK | ||||
r-patched-linux-x86_64 | 2020.1.1 | 67.69 | 92.60 | 160.29 | OK | |
r-patched-solaris-x86 | 2020.1.1 | 207.70 | OK | |||
r-release-linux-x86_64 | 2020.1.1 | 72.86 | 92.83 | 165.69 | OK | |
r-release-macos-arm64 | 2020.1.1 | NOTE | ||||
r-release-macos-x86_64 | 2020.1.1 | NOTE | ||||
r-release-windows-ix86+x86_64 | 2020.1.1 | 105.00 | 115.00 | 220.00 | NOTE | |
r-oldrel-macos-x86_64 | 2020.1.1 | NOTE | ||||
r-oldrel-windows-ix86+x86_64 | 2020.1.1 | 107.00 | 159.00 | 266.00 | NOTE |
Version: 2020.1.1
Check: installed package size
Result: NOTE
installed size is 16.1Mb
sub-directories of 1Mb or more:
libs 15.4Mb
Flavors: r-devel-linux-x86_64-fedora-clang, r-devel-windows-x86_64, r-release-macos-arm64, r-release-macos-x86_64, r-release-windows-ix86+x86_64, r-oldrel-macos-x86_64, r-oldrel-windows-ix86+x86_64