CRAN Package Check Results for Package SP2000

Last updated on 2021-11-01 00:49:54 CET.

Flavor Version Tinstall Tcheck Ttotal Status Flags
r-devel-linux-x86_64-debian-clang 0.2.0 6.23 53.87 60.10 NOTE
r-devel-linux-x86_64-debian-gcc 0.2.0 4.99 40.37 45.36 NOTE
r-devel-linux-x86_64-fedora-clang 0.2.0 84.85 NOTE
r-devel-linux-x86_64-fedora-gcc 0.2.0 69.44 NOTE
r-devel-windows-x86_64 0.2.0 10.00 83.00 93.00 NOTE
r-devel-windows-x86_64-gcc10-UCRT 0.2.0 NOTE
r-patched-linux-x86_64 0.2.0 6.60 50.35 56.95 NOTE
r-patched-solaris-x86 0.2.0 102.80 NOTE
r-release-linux-x86_64 0.2.0 5.72 50.29 56.01 NOTE
r-release-macos-arm64 0.2.0 NOTE
r-release-macos-x86_64 0.2.0 NOTE
r-release-windows-ix86+x86_64 0.2.0 11.00 53.00 64.00 NOTE
r-oldrel-macos-x86_64 0.2.0 OK
r-oldrel-windows-ix86+x86_64 0.2.0 11.00 74.00 85.00 OK

Check Details

Version: 0.2.0
Check: LazyData
Result: NOTE
     'LazyData' is specified without a 'data' directory
Flavors: r-devel-linux-x86_64-debian-clang, r-devel-linux-x86_64-debian-gcc, r-devel-linux-x86_64-fedora-clang, r-devel-linux-x86_64-fedora-gcc, r-devel-windows-x86_64, r-devel-windows-x86_64-gcc10-UCRT, r-patched-linux-x86_64, r-patched-solaris-x86, r-release-linux-x86_64, r-release-macos-arm64, r-release-macos-x86_64, r-release-windows-ix86+x86_64