Last updated on 2021-11-01 00:49:53 CET.
Flavor | Version | Tinstall | Tcheck | Ttotal | Status | Flags |
---|---|---|---|---|---|---|
r-devel-linux-x86_64-debian-clang | 0.1.0 | 6.56 | 66.04 | 72.60 | NOTE | |
r-devel-linux-x86_64-debian-gcc | 0.1.0 | 6.09 | 51.30 | 57.39 | NOTE | |
r-devel-linux-x86_64-fedora-clang | 0.1.0 | 99.28 | NOTE | |||
r-devel-linux-x86_64-fedora-gcc | 0.1.0 | 92.04 | NOTE | |||
r-devel-windows-x86_64 | 0.1.0 | 11.00 | 92.00 | 103.00 | WARN | |
r-devel-windows-x86_64-gcc10-UCRT | 0.1.0 | WARN | ||||
r-patched-linux-x86_64 | 0.1.0 | 7.99 | 63.28 | 71.27 | NOTE | |
r-patched-solaris-x86 | 0.1.0 | 148.70 | NOTE | |||
r-release-linux-x86_64 | 0.1.0 | 8.06 | 62.30 | 70.36 | NOTE | |
r-release-macos-arm64 | 0.1.0 | NOTE | ||||
r-release-macos-x86_64 | 0.1.0 | NOTE | ||||
r-release-windows-ix86+x86_64 | 0.1.0 | 12.00 | 72.00 | 84.00 | NOTE | |
r-oldrel-macos-x86_64 | 0.1.0 | OK | ||||
r-oldrel-windows-ix86+x86_64 | 0.1.0 | 12.00 | 93.00 | 105.00 | OK |
Version: 0.1.0
Check: LazyData
Result: NOTE
'LazyData' is specified without a 'data' directory
Flavors: r-devel-linux-x86_64-debian-clang, r-devel-linux-x86_64-debian-gcc, r-devel-linux-x86_64-fedora-clang, r-devel-linux-x86_64-fedora-gcc, r-devel-windows-x86_64, r-devel-windows-x86_64-gcc10-UCRT, r-patched-linux-x86_64, r-patched-solaris-x86, r-release-linux-x86_64, r-release-macos-arm64, r-release-macos-x86_64, r-release-windows-ix86+x86_64
Version: 0.1.0
Check: whether package can be installed
Result: WARN
Found the following significant warnings:
Warning: 'memory.limit()' is no longer supported
Flavors: r-devel-windows-x86_64, r-devel-windows-x86_64-gcc10-UCRT