CRAN Package Check Results for Package SEMgraph

Last updated on 2021-11-01 00:49:53 CET.

Flavor Version Tinstall Tcheck Ttotal Status Flags
r-devel-linux-x86_64-debian-clang 1.0.3 41.44 313.30 354.74 OK
r-devel-linux-x86_64-debian-gcc 1.0.3 29.69 236.19 265.88 OK
r-devel-linux-x86_64-fedora-clang 1.0.3 431.73 OK
r-devel-linux-x86_64-fedora-gcc 1.0.3 416.95 OK
r-devel-windows-x86_64 1.0.3 58.00 383.00 441.00 OK
r-devel-windows-x86_64-gcc10-UCRT 1.0.3 OK
r-patched-linux-x86_64 1.0.3 43.90 298.03 341.93 OK
r-patched-solaris-x86 1.0.3 557.50 OK
r-release-linux-x86_64 1.0.3 36.04 295.04 331.08 OK
r-release-macos-arm64 1.0.3 OK
r-release-macos-x86_64 1.0.3 NOTE
r-release-windows-ix86+x86_64 1.0.3 61.00 273.00 334.00 OK
r-oldrel-macos-x86_64 1.0.3 OK
r-oldrel-windows-ix86+x86_64 1.0.3 48.00 325.00 373.00 OK

Check Details

Version: 1.0.3
Check: package dependencies
Result: NOTE
    Package suggested but not available for checking: ‘org.Hs.eg.db’
Flavor: r-release-macos-x86_64