CRAN Package Check Results for Package SCPME

Last updated on 2021-11-01 00:49:53 CET.

Flavor Version Tinstall Tcheck Ttotal Status Flags
r-devel-linux-x86_64-debian-clang 1.0 76.38 61.49 137.87 NOTE
r-devel-linux-x86_64-debian-gcc 1.0 55.89 46.06 101.95 NOTE
r-devel-linux-x86_64-fedora-clang 1.0 221.93 NOTE
r-devel-linux-x86_64-fedora-gcc 1.0 197.31 NOTE
r-devel-windows-x86_64 1.0 103.00 106.00 209.00 NOTE
r-devel-windows-x86_64-gcc10-UCRT 1.0 NOTE
r-patched-linux-x86_64 1.0 70.51 53.40 123.91 NOTE
r-patched-solaris-x86 1.0 187.40 NOTE
r-release-linux-x86_64 1.0 71.84 54.02 125.86 NOTE
r-release-macos-arm64 1.0 NOTE
r-release-macos-x86_64 1.0 NOTE
r-release-windows-ix86+x86_64 1.0 148.00 88.00 236.00 NOTE
r-oldrel-macos-x86_64 1.0 OK
r-oldrel-windows-ix86+x86_64 1.0 146.00 120.00 266.00 OK

Check Details

Version: 1.0
Check: LazyData
Result: NOTE
     'LazyData' is specified without a 'data' directory
Flavors: r-devel-linux-x86_64-debian-clang, r-devel-linux-x86_64-debian-gcc, r-devel-linux-x86_64-fedora-clang, r-devel-linux-x86_64-fedora-gcc, r-devel-windows-x86_64, r-devel-windows-x86_64-gcc10-UCRT, r-patched-linux-x86_64, r-patched-solaris-x86, r-release-linux-x86_64, r-release-macos-arm64, r-release-macos-x86_64, r-release-windows-ix86+x86_64