CRAN Package Check Results for Package SAMM

Last updated on 2021-11-01 00:49:52 CET.

Flavor Version Tinstall Tcheck Ttotal Status Flags
r-devel-linux-x86_64-debian-clang 1.1.1 97.31 27.03 124.34 OK
r-devel-linux-x86_64-debian-gcc 1.1.1 92.90 21.67 114.57 OK
r-devel-linux-x86_64-fedora-clang 1.1.1 207.00 NOTE
r-devel-linux-x86_64-fedora-gcc 1.1.1 197.46 OK
r-devel-windows-x86_64 1.1.1 120.00 63.00 183.00 OK
r-devel-windows-x86_64-gcc10-UCRT 1.1.1 OK
r-patched-linux-x86_64 1.1.1 94.58 26.54 121.12 OK
r-patched-solaris-x86 1.1.1 194.30 OK
r-release-linux-x86_64 1.1.1 90.00 26.47 116.47 OK
r-release-macos-arm64 1.1.1 NOTE
r-release-macos-x86_64 1.1.1 NOTE
r-release-windows-ix86+x86_64 1.1.1 171.00 62.00 233.00 OK
r-oldrel-macos-x86_64 1.1.1 NOTE
r-oldrel-windows-ix86+x86_64 1.1.1 166.00 79.00 245.00 OK

Check Details

Version: 1.1.1
Check: installed package size
Result: NOTE
     installed size is 13.3Mb
     sub-directories of 1Mb or more:
     libs 13.2Mb
Flavors: r-devel-linux-x86_64-fedora-clang, r-release-macos-arm64, r-release-macos-x86_64, r-oldrel-macos-x86_64