Last updated on 2021-11-01 00:49:51 CET.
Flavor | Version | Tinstall | Tcheck | Ttotal | Status | Flags |
---|---|---|---|---|---|---|
r-devel-linux-x86_64-debian-clang | 1.0.2 | 16.25 | 81.26 | 97.51 | OK | |
r-devel-linux-x86_64-debian-gcc | 1.0.2 | 11.50 | 60.18 | 71.68 | OK | |
r-devel-linux-x86_64-fedora-clang | 1.0.2 | 131.77 | NOTE | |||
r-devel-linux-x86_64-fedora-gcc | 1.0.2 | 119.87 | NOTE | |||
r-devel-windows-x86_64 | 1.0.2 | 24.00 | 112.00 | 136.00 | OK | |
r-devel-windows-x86_64-gcc10-UCRT | 1.0.2 | NOTE | ||||
r-patched-linux-x86_64 | 1.0.2 | 19.70 | 78.94 | 98.64 | OK | |
r-patched-solaris-x86 | 1.0.2 | 148.70 | NOTE | |||
r-release-linux-x86_64 | 1.0.2 | 13.38 | 79.10 | 92.48 | OK | |
r-release-macos-arm64 | 1.0.2 | NOTE | ||||
r-release-macos-x86_64 | 1.0.2 | NOTE | ||||
r-release-windows-ix86+x86_64 | 1.0.2 | 22.00 | 91.00 | 113.00 | OK | |
r-oldrel-macos-x86_64 | 1.0.2 | NOTE | ||||
r-oldrel-windows-ix86+x86_64 | 1.0.2 | 24.00 | 91.00 | 115.00 | OK |
Version: 1.0.2
Check: dependencies in R code
Result: NOTE
Namespaces in Imports field not imported from:
‘DEoptimR’ ‘DT’ ‘PerformanceAnalytics’ ‘ggplot2’ ‘graphics’
‘gridExtra’ ‘methods’ ‘shinyjs’ ‘utils’ ‘xts’
All declared Imports should be used.
Flavors: r-devel-linux-x86_64-fedora-clang, r-devel-linux-x86_64-fedora-gcc, r-devel-windows-x86_64-gcc10-UCRT, r-patched-solaris-x86, r-release-macos-arm64, r-release-macos-x86_64, r-oldrel-macos-x86_64