CRAN Package Check Results for Package RobKF

Last updated on 2021-11-01 00:49:51 CET.

Flavor Version Tinstall Tcheck Ttotal Status Flags
r-devel-linux-x86_64-debian-clang 1.0.2 304.65 92.93 397.58 OK
r-devel-linux-x86_64-debian-gcc 1.0.2 214.96 76.72 291.68 OK
r-devel-linux-x86_64-fedora-clang 1.0.2 639.76 NOTE
r-devel-linux-x86_64-fedora-gcc 1.0.2 532.14 OK
r-devel-windows-x86_64 1.0.2 386.00 130.00 516.00 OK
r-devel-windows-x86_64-gcc10-UCRT 1.0.2 OK
r-patched-linux-x86_64 1.0.2 263.36 95.26 358.62 OK
r-patched-solaris-x86 1.0.2 454.30 OK
r-release-linux-x86_64 1.0.2 254.94 94.62 349.56 OK
r-release-macos-arm64 1.0.2 NOTE
r-release-macos-x86_64 1.0.2 NOTE
r-release-windows-ix86+x86_64 1.0.2 554.00 127.00 681.00 OK
r-oldrel-macos-x86_64 1.0.2 NOTE
r-oldrel-windows-ix86+x86_64 1.0.2 558.00 174.00 732.00 OK

Check Details

Version: 1.0.2
Check: installed package size
Result: NOTE
     installed size is 22.8Mb
     sub-directories of 1Mb or more:
     libs 22.7Mb
Flavors: r-devel-linux-x86_64-fedora-clang, r-release-macos-arm64, r-release-macos-x86_64, r-oldrel-macos-x86_64