Last updated on 2021-11-01 00:49:51 CET.
Flavor | Version | Tinstall | Tcheck | Ttotal | Status | Flags |
---|---|---|---|---|---|---|
r-devel-linux-x86_64-debian-clang | 2.1.5 | 471.28 | 64.37 | 535.65 | WARN | |
r-devel-linux-x86_64-debian-gcc | 2.1.5 | 390.99 | 74.25 | 465.24 | WARN | |
r-devel-linux-x86_64-fedora-clang | 2.1.5 | 930.63 | WARN | |||
r-devel-linux-x86_64-fedora-gcc | 2.1.5 | 850.05 | WARN | |||
r-devel-windows-x86_64 | 2.1.5 | 680.00 | 136.00 | 816.00 | OK | |
r-devel-windows-x86_64-gcc10-UCRT | 2.1.5 | OK | ||||
r-patched-linux-x86_64 | 2.1.5 | 493.29 | 89.99 | 583.28 | WARN | |
r-patched-solaris-x86 | 2.1.5 | 815.40 | OK | |||
r-release-linux-x86_64 | 2.1.5 | 486.35 | 89.25 | 575.60 | WARN | |
r-release-macos-arm64 | 2.1.5 | NOTE | ||||
r-release-macos-x86_64 | 2.1.5 | NOTE | ||||
r-release-windows-ix86+x86_64 | 2.1.5 | 925.00 | 161.00 | 1086.00 | OK | |
r-oldrel-macos-x86_64 | 2.1.5 | NOTE | ||||
r-oldrel-windows-ix86+x86_64 | 2.1.5 | 947.00 | 198.00 | 1145.00 | OK |
Version: 2.1.5
Check: top-level files
Result: WARN
Output from running autoreconf:
configure.ac:25: warning: AC_OUTPUT should be used without arguments.
configure.ac:25: You should run autoupdate.
Flavors: r-devel-linux-x86_64-debian-clang, r-devel-linux-x86_64-debian-gcc, r-patched-linux-x86_64, r-release-linux-x86_64
Version: 2.1.5
Check: installed package size
Result: NOTE
installed size is 34.6Mb
sub-directories of 1Mb or more:
libs 33.7Mb
Flavors: r-devel-linux-x86_64-fedora-clang, r-release-macos-arm64, r-release-macos-x86_64, r-oldrel-macos-x86_64
Version: 2.1.5
Check: top-level files
Result: WARN
Output from running autoreconf:
configure.ac:25: warning: AC_OUTPUT should be used without arguments.
configure.ac:25: You should run autoupdate.
configure.ac:25: warning: AC_OUTPUT should be used without arguments.
configure.ac:25: You should run autoupdate.
Flavors: r-devel-linux-x86_64-fedora-clang, r-devel-linux-x86_64-fedora-gcc