CRAN Package Check Results for Package RepertoiR

Last updated on 2021-11-01 00:49:50 CET.

Flavor Version Tinstall Tcheck Ttotal Status Flags
r-devel-linux-x86_64-debian-clang 0.0.1 4.23 57.90 62.13 OK
r-devel-linux-x86_64-debian-gcc 0.0.1 3.49 43.82 47.31 OK
r-devel-linux-x86_64-fedora-clang 0.0.1 85.00 NOTE
r-devel-linux-x86_64-fedora-gcc 0.0.1 76.11 NOTE
r-devel-windows-x86_64 0.0.1 7.00 84.00 91.00 OK
r-devel-windows-x86_64-gcc10-UCRT 0.0.1 NOTE
r-patched-linux-x86_64 0.0.1 3.92 54.55 58.47 OK
r-patched-solaris-x86 0.0.1 107.30 NOTE
r-release-linux-x86_64 0.0.1 3.95 54.03 57.98 OK
r-release-macos-arm64 0.0.1 NOTE
r-release-macos-x86_64 0.0.1 NOTE
r-release-windows-ix86+x86_64 0.0.1 10.00 71.00 81.00 OK
r-oldrel-macos-x86_64 0.0.1 NOTE
r-oldrel-windows-ix86+x86_64 0.0.1 11.00 84.00 95.00 OK

Check Details

Version: 0.0.1
Check: dependencies in R code
Result: NOTE
    Namespace in Imports field not imported from: ‘stringi’
     All declared Imports should be used.
Flavors: r-devel-linux-x86_64-fedora-clang, r-devel-linux-x86_64-fedora-gcc, r-devel-windows-x86_64-gcc10-UCRT, r-patched-solaris-x86, r-release-macos-arm64, r-release-macos-x86_64, r-oldrel-macos-x86_64