Last updated on 2021-11-01 00:49:50 CET.
Flavor | Version | Tinstall | Tcheck | Ttotal | Status | Flags |
---|---|---|---|---|---|---|
r-devel-linux-x86_64-debian-clang | 1.0.10 | 68.54 | 179.83 | 248.37 | OK | |
r-devel-linux-x86_64-debian-gcc | 1.0.10 | 50.93 | 133.73 | 184.66 | OK | |
r-devel-linux-x86_64-fedora-clang | 1.0.10 | 334.19 | OK | |||
r-devel-linux-x86_64-fedora-gcc | 1.0.10 | 307.39 | OK | |||
r-devel-windows-x86_64 | 1.0.10 | 90.00 | 268.00 | 358.00 | OK | |
r-devel-windows-x86_64-gcc10-UCRT | 1.0.10 | OK | ||||
r-patched-linux-x86_64 | 1.0.10 | 63.68 | 174.69 | 238.37 | OK | |
r-patched-solaris-x86 | 1.0.10 | 332.70 | OK | |||
r-release-linux-x86_64 | 1.0.10 | 56.44 | 173.44 | 229.88 | OK | |
r-release-macos-arm64 | 1.0.10 | NOTE | ||||
r-release-macos-x86_64 | 1.0.10 | OK | ||||
r-release-windows-ix86+x86_64 | 1.0.10 | 113.00 | 268.00 | 381.00 | OK | |
r-oldrel-macos-x86_64 | 1.0.10 | OK | ||||
r-oldrel-windows-ix86+x86_64 | 1.0.10 | 112.00 | 349.00 | 461.00 | OK |
Version: 1.0.10
Check: package dependencies
Result: NOTE
Packages suggested but not available for checking: 'interval', 'Icens'
Flavor: r-release-macos-arm64
Version: 1.0.10
Check: Rd cross-references
Result: NOTE
Package unavailable to check Rd xrefs: ‘interval’
Flavor: r-release-macos-arm64