CRAN Package Check Results for Package RcppXPtrUtils

Last updated on 2021-11-01 00:49:50 CET.

Flavor Version Tinstall Tcheck Ttotal Status Flags
r-devel-linux-x86_64-debian-clang 0.1.1 1.99 40.61 42.60 OK
r-devel-linux-x86_64-debian-gcc 0.1.1 1.53 29.01 30.54 OK
r-devel-linux-x86_64-fedora-clang 0.1.1 65.98 NOTE
r-devel-linux-x86_64-fedora-gcc 0.1.1 50.77 OK
r-devel-windows-x86_64 0.1.1 4.00 73.00 77.00 OK
r-devel-windows-x86_64-gcc10-UCRT 0.1.1 OK
r-patched-linux-x86_64 0.1.1 2.47 37.58 40.05 OK
r-patched-solaris-x86 0.1.1 89.40 OK
r-release-linux-x86_64 0.1.1 1.87 38.25 40.12 OK
r-release-macos-arm64 0.1.1 OK
r-release-macos-x86_64 0.1.1 OK
r-release-windows-ix86+x86_64 0.1.1 4.00 49.00 53.00 OK
r-oldrel-macos-x86_64 0.1.1 OK
r-oldrel-windows-ix86+x86_64 0.1.1 4.00 65.00 69.00 OK

Check Details

Version: 0.1.1
Check: Rd cross-references
Result: NOTE
    Undeclared package ‘inline’ in Rd xrefs
Flavor: r-devel-linux-x86_64-fedora-clang