CRAN Package Check Results for Package RcppSimdJson

Last updated on 2021-11-01 00:49:50 CET.

Flavor Version Tinstall Tcheck Ttotal Status Flags
r-devel-linux-x86_64-debian-clang 0.1.6 125.94 45.15 171.09 OK
r-devel-linux-x86_64-debian-gcc 0.1.6 94.28 35.11 129.39 OK
r-devel-linux-x86_64-fedora-clang 0.1.6 262.53 NOTE
r-devel-linux-x86_64-fedora-gcc 0.1.6 237.26 OK
r-devel-windows-x86_64 0.1.6 134.00 96.00 230.00 NOTE
r-devel-windows-x86_64-gcc10-UCRT 0.1.6 OK
r-patched-linux-x86_64 0.1.6 103.01 43.48 146.49 OK
r-release-linux-x86_64 0.1.6 109.62 43.58 153.20 OK
r-release-macos-arm64 0.1.6 NOTE
r-release-macos-x86_64 0.1.6 NOTE
r-release-windows-ix86+x86_64 0.1.6 212.00 106.00 318.00 NOTE
r-oldrel-macos-x86_64 0.1.6 NOTE
r-oldrel-windows-ix86+x86_64 0.1.6 207.00 140.00 347.00 NOTE

Check Details

Version: 0.1.6
Check: installed package size
Result: NOTE
     installed size is 16.7Mb
     sub-directories of 1Mb or more:
     include 1.5Mb
     jsonexamples 3.8Mb
     libs 11.0Mb
Flavors: r-devel-linux-x86_64-fedora-clang, r-devel-windows-x86_64, r-release-macos-arm64, r-release-macos-x86_64, r-release-windows-ix86+x86_64, r-oldrel-macos-x86_64, r-oldrel-windows-ix86+x86_64