CRAN Package Check Results for Package RcppMeCab

Last updated on 2021-11-01 00:49:50 CET.

Flavor Version Tinstall Tcheck Ttotal Status Flags
r-devel-linux-x86_64-debian-clang 0.0.1.2 39.73 24.47 64.20 NOTE
r-devel-linux-x86_64-debian-gcc 0.0.1.2 34.22 20.12 54.34 NOTE
r-devel-linux-x86_64-fedora-clang 0.0.1.2 111.37 NOTE
r-devel-linux-x86_64-fedora-gcc 0.0.1.2 96.05 NOTE
r-devel-windows-x86_64 0.0.1.2 69.00 73.00 142.00 NOTE
r-devel-windows-x86_64-gcc10-UCRT 0.0.1.2 WARN
r-patched-linux-x86_64 0.0.1.2 42.29 24.60 66.89 NOTE
r-release-linux-x86_64 0.0.1.2 38.31 24.29 62.60 NOTE
r-release-macos-arm64 0.0.1.2 ERROR
r-release-macos-x86_64 0.0.1.2 ERROR
r-release-windows-ix86+x86_64 0.0.1.2 105.00 63.00 168.00 NOTE
r-oldrel-macos-x86_64 0.0.1.2 ERROR
r-oldrel-windows-ix86+x86_64 0.0.1.2 89.00 92.00 181.00 NOTE

Check Details

Version: 0.0.1.2
Check: LazyData
Result: NOTE
     'LazyData' is specified without a 'data' directory
Flavors: r-devel-linux-x86_64-debian-clang, r-devel-linux-x86_64-debian-gcc, r-devel-linux-x86_64-fedora-clang, r-devel-linux-x86_64-fedora-gcc, r-devel-windows-x86_64, r-devel-windows-x86_64-gcc10-UCRT, r-patched-linux-x86_64, r-release-linux-x86_64, r-release-windows-ix86+x86_64

Version: 0.0.1.2
Check: for GNU extensions in Makefiles
Result: NOTE
    GNU make is a SystemRequirements.
Flavors: r-devel-linux-x86_64-debian-clang, r-devel-linux-x86_64-debian-gcc, r-devel-linux-x86_64-fedora-clang, r-devel-linux-x86_64-fedora-gcc, r-devel-windows-x86_64, r-devel-windows-x86_64-gcc10-UCRT, r-patched-linux-x86_64, r-release-linux-x86_64, r-release-windows-ix86+x86_64, r-oldrel-windows-ix86+x86_64

Version: 0.0.1.2
Check: package subdirectories
Result: WARN
    Found the following non-empty subdirectories of 'inst' also used by R:
     inst/libs
    It is recommended not to interfere with package subdirectories used by
    R.
Flavor: r-devel-windows-x86_64-gcc10-UCRT

Version: 0.0.1.2
Check: whether package can be installed
Result: ERROR
    Installation failed.
Flavors: r-release-macos-arm64, r-release-macos-x86_64, r-oldrel-macos-x86_64

Version: 0.0.1.2
Check: installed package size
Result: NOTE
     installed size is 5.9Mb
     sub-directories of 1Mb or more:
     libs 5.8Mb
Flavors: r-release-windows-ix86+x86_64, r-oldrel-windows-ix86+x86_64