Last updated on 2021-11-01 00:49:50 CET.
Flavor | Version | Tinstall | Tcheck | Ttotal | Status | Flags |
---|---|---|---|---|---|---|
r-devel-linux-x86_64-debian-clang | 0.1.2 | 40.02 | 25.69 | 65.71 | OK | |
r-devel-linux-x86_64-debian-gcc | 0.1.2 | 29.75 | 20.49 | 50.24 | OK | |
r-devel-linux-x86_64-fedora-clang | 0.1.2 | 119.67 | NOTE | |||
r-devel-linux-x86_64-fedora-gcc | 0.1.2 | 93.88 | OK | |||
r-devel-windows-x86_64 | 0.1.2 | 66.00 | 64.00 | 130.00 | OK | |
r-devel-windows-x86_64-gcc10-UCRT | 0.1.2 | OK | ||||
r-patched-linux-x86_64 | 0.1.2 | 37.14 | 25.28 | 62.42 | OK | |
r-patched-solaris-x86 | 0.1.2 | 103.20 | OK | |||
r-release-linux-x86_64 | 0.1.2 | 37.25 | 25.11 | 62.36 | OK | |
r-release-macos-arm64 | 0.1.2 | OK | ||||
r-release-macos-x86_64 | 0.1.2 | OK | ||||
r-release-windows-ix86+x86_64 | 0.1.2 | 98.00 | 63.00 | 161.00 | OK | |
r-oldrel-macos-x86_64 | 0.1.2 | OK | ||||
r-oldrel-windows-ix86+x86_64 | 0.1.2 | 97.00 | 78.00 | 175.00 | OK |
Version: 0.1.2
Check: Rd cross-references
Result: NOTE
Undeclared package ‘RcppExamples’ in Rd xrefs
Flavor: r-devel-linux-x86_64-fedora-clang