Last updated on 2021-11-01 00:49:50 CET.
Flavor | Version | Tinstall | Tcheck | Ttotal | Status | Flags |
---|---|---|---|---|---|---|
r-devel-linux-x86_64-debian-clang | 0.9.12 | 84.50 | 28.95 | 113.45 | OK | |
r-devel-linux-x86_64-debian-gcc | 0.9.12 | 57.18 | 23.41 | 80.59 | OK | |
r-devel-linux-x86_64-fedora-clang | 0.9.12 | 200.17 | NOTE | |||
r-devel-linux-x86_64-fedora-gcc | 0.9.12 | 150.14 | OK | |||
r-devel-windows-x86_64 | 0.9.12 | 114.00 | 129.00 | 243.00 | OK | |
r-devel-windows-x86_64-gcc10-UCRT | 0.9.12 | OK | ||||
r-patched-linux-x86_64 | 0.9.12 | 71.45 | 28.71 | 100.16 | OK | |
r-patched-solaris-x86 | 0.9.12 | 199.90 | OK | |||
r-release-linux-x86_64 | 0.9.12 | 70.78 | 28.39 | 99.17 | OK | |
r-release-macos-arm64 | 0.9.12 | WARN | ||||
r-release-macos-x86_64 | 0.9.12 | WARN | ||||
r-release-windows-ix86+x86_64 | 0.9.12 | 165.00 | 146.00 | 311.00 | OK | |
r-oldrel-macos-x86_64 | 0.9.12 | WARN | ||||
r-oldrel-windows-ix86+x86_64 | 0.9.12 | 161.00 | 186.00 | 347.00 | OK |
Version: 0.9.12
Check: installed package size
Result: NOTE
installed size is 6.3Mb
sub-directories of 1Mb or more:
lib 4.5Mb
libs 1.3Mb
Flavors: r-devel-linux-x86_64-fedora-clang, r-release-macos-arm64
Version: 0.9.12
Check: whether package can be installed
Result: WARN
Found the following significant warnings:
WARNING: shared objects/dynamic libraries with hard-coded temporary installation paths
Flavors: r-release-macos-arm64, r-release-macos-x86_64, r-oldrel-macos-x86_64