Last updated on 2021-11-01 00:49:50 CET.
Flavor | Version | Tinstall | Tcheck | Ttotal | Status | Flags |
---|---|---|---|---|---|---|
r-devel-linux-x86_64-debian-clang | 4.5-1 | 17.88 | 138.05 | 155.93 | NOTE | |
r-devel-linux-x86_64-debian-gcc | 4.5-1 | 14.97 | 106.75 | 121.72 | NOTE | |
r-devel-linux-x86_64-fedora-clang | 4.5-1 | 205.02 | NOTE | |||
r-devel-linux-x86_64-fedora-gcc | 4.5-1 | 192.80 | NOTE | |||
r-devel-windows-x86_64 | 4.5-1 | 26.00 | 171.00 | 197.00 | NOTE | |
r-devel-windows-x86_64-gcc10-UCRT | 4.5-1 | NOTE | ||||
r-patched-linux-x86_64 | 4.5-1 | 17.90 | 139.30 | 157.20 | NOTE | |
r-patched-solaris-x86 | 4.5-1 | 298.10 | NOTE | |||
r-release-linux-x86_64 | 4.5-1 | 17.64 | 138.39 | 156.03 | NOTE | |
r-release-macos-arm64 | 4.5-1 | NOTE | ||||
r-release-macos-x86_64 | 4.5-1 | NOTE | ||||
r-release-windows-ix86+x86_64 | 4.5-1 | 29.00 | 127.00 | 156.00 | NOTE | |
r-oldrel-macos-x86_64 | 4.5-1 | NOTE | ||||
r-oldrel-windows-ix86+x86_64 | 4.5-1 | 32.00 | 124.00 | 156.00 | NOTE |
Version: 4.5-1
Check: package dependencies
Result: NOTE
Depends: includes the non-default packages:
'IQCC', 'qcc', 'qicharts2', 'randtests', 'rmarkdown',
'TeachingDemos', 'tseries'
Adding so many packages to the search path is excessive and importing
selectively is preferable.
Flavors: r-devel-linux-x86_64-debian-clang, r-devel-linux-x86_64-debian-gcc, r-devel-linux-x86_64-fedora-clang, r-devel-linux-x86_64-fedora-gcc, r-devel-windows-x86_64, r-devel-windows-x86_64-gcc10-UCRT, r-patched-linux-x86_64, r-patched-solaris-x86, r-release-linux-x86_64, r-release-macos-arm64, r-release-macos-x86_64, r-release-windows-ix86+x86_64, r-oldrel-macos-x86_64, r-oldrel-windows-ix86+x86_64