CRAN Package Check Results for Package RcmdrPlugin.IPSUR

Last updated on 2021-11-01 00:49:50 CET.

Flavor Version Tinstall Tcheck Ttotal Status Flags
r-devel-linux-x86_64-debian-clang 0.2-1.1 29.79 163.13 192.92 NOTE
r-devel-linux-x86_64-debian-gcc 0.2-1.1 24.02 122.51 146.53 NOTE
r-devel-linux-x86_64-fedora-clang 0.2-1.1 252.92 NOTE
r-devel-linux-x86_64-fedora-gcc 0.2-1.1 240.95 NOTE
r-devel-windows-x86_64 0.2-1.1 38.00 177.00 215.00 NOTE
r-devel-windows-x86_64-gcc10-UCRT 0.2-1.1 NOTE
r-patched-linux-x86_64 0.2-1.1 29.27 157.62 186.89 NOTE
r-patched-solaris-x86 0.2-1.1 379.40 NOTE
r-release-linux-x86_64 0.2-1.1 30.13 158.90 189.03 NOTE
r-release-macos-arm64 0.2-1.1 NOTE
r-release-macos-x86_64 0.2-1.1 NOTE
r-release-windows-ix86+x86_64 0.2-1.1 34.00 121.00 155.00 NOTE
r-oldrel-macos-x86_64 0.2-1.1 NOTE
r-oldrel-windows-ix86+x86_64 0.2-1.1 39.00 169.00 208.00 NOTE

Check Details

Version: 0.2-1.1
Check: dependencies in R code
Result: NOTE
    'library' or 'require' calls in package code:
     'abind' 'e1071' 'qcc'
     Please use :: or requireNamespace() instead.
     See section 'Suggested packages' in the 'Writing R Extensions' manual.
Flavors: r-devel-linux-x86_64-debian-clang, r-devel-linux-x86_64-debian-gcc, r-devel-linux-x86_64-fedora-clang, r-devel-linux-x86_64-fedora-gcc, r-devel-windows-x86_64, r-devel-windows-x86_64-gcc10-UCRT, r-patched-linux-x86_64, r-patched-solaris-x86, r-release-linux-x86_64, r-release-macos-arm64, r-release-macos-x86_64, r-release-windows-ix86+x86_64, r-oldrel-macos-x86_64, r-oldrel-windows-ix86+x86_64

Version: 0.2-1.1
Check: package dependencies
Result: NOTE
    Package suggested but not available for checking: ‘RODBC’
Flavor: r-release-macos-arm64