Last updated on 2021-11-01 00:49:50 CET.
Flavor | Version | Tinstall | Tcheck | Ttotal | Status | Flags |
---|---|---|---|---|---|---|
r-devel-linux-x86_64-debian-clang | 0.3.11 | 129.46 | 32.11 | 161.57 | NOTE | |
r-devel-linux-x86_64-debian-gcc | 0.3.11 | 100.61 | 25.27 | 125.88 | NOTE | |
r-devel-linux-x86_64-fedora-clang | 0.3.11 | 288.21 | NOTE | |||
r-devel-linux-x86_64-fedora-gcc | 0.3.11 | 262.62 | NOTE | |||
r-devel-windows-x86_64 | 0.3.11 | 181.00 | 118.00 | 299.00 | NOTE | |
r-devel-windows-x86_64-gcc10-UCRT | 0.3.11 | WARN | ||||
r-patched-linux-x86_64 | 0.3.11 | 120.19 | 30.76 | 150.95 | NOTE | |
r-release-linux-x86_64 | 0.3.11 | 123.14 | 31.02 | 154.16 | NOTE | |
r-release-macos-arm64 | 0.3.11 | ERROR | ||||
r-release-macos-x86_64 | 0.3.11 | NOTE | ||||
r-release-windows-ix86+x86_64 | 0.3.11 | 283.00 | 117.00 | 400.00 | NOTE | |
r-oldrel-macos-x86_64 | 0.3.11 | NOTE | ||||
r-oldrel-windows-ix86+x86_64 | 0.3.11 | 284.00 | 146.00 | 430.00 | NOTE |
Version: 0.3.11
Check: whether package can be installed
Result: NOTE
Found the following notes/warnings:
Non-staged installation was used
Flavors: r-devel-linux-x86_64-debian-clang, r-devel-linux-x86_64-debian-gcc, r-devel-linux-x86_64-fedora-clang, r-devel-linux-x86_64-fedora-gcc, r-devel-windows-x86_64, r-devel-windows-x86_64-gcc10-UCRT, r-patched-linux-x86_64, r-release-linux-x86_64, r-release-macos-x86_64, r-release-windows-ix86+x86_64, r-oldrel-macos-x86_64, r-oldrel-windows-ix86+x86_64
Version: 0.3.11
Check: installed package size
Result: NOTE
installed size is 14.0Mb
sub-directories of 1Mb or more:
blp 7.1Mb
libs 5.9Mb
Flavors: r-devel-linux-x86_64-fedora-clang, r-devel-windows-x86_64, r-release-macos-x86_64, r-release-windows-ix86+x86_64, r-oldrel-macos-x86_64, r-oldrel-windows-ix86+x86_64
Version: 0.3.11
Check: package subdirectories
Result: WARN
Found the following non-empty subdirectories of 'inst' also used by R:
inst/libs
It is recommended not to interfere with package subdirectories used by
R.
Flavor: r-devel-windows-x86_64-gcc10-UCRT
Version: 0.3.11
Check: line endings in C/C++/Fortran sources/headers
Result: NOTE
Found the following sources/headers with CR or CRLF line endings:
inst/include/blpapi_versioninfo.h
Some Unix compilers require LF line endings.
Flavor: r-devel-windows-x86_64-gcc10-UCRT
Version: 0.3.11
Check: whether package can be installed
Result: ERROR
Installation failed.
Flavor: r-release-macos-arm64