CRAN Package Check Results for Package Rankcluster

Last updated on 2021-11-01 00:49:49 CET.

Flavor Version Tinstall Tcheck Ttotal Status Flags
r-devel-linux-x86_64-debian-clang 0.94.5 51.76 46.54 98.30 OK
r-devel-linux-x86_64-debian-gcc 0.94.5 41.66 36.41 78.07 OK
r-devel-linux-x86_64-fedora-clang 0.94.5 166.13 NOTE
r-devel-linux-x86_64-fedora-gcc 0.94.5 143.21 OK
r-devel-windows-x86_64 0.94.5 73.00 91.00 164.00 OK
r-devel-windows-x86_64-gcc10-UCRT 0.94.5 OK
r-patched-linux-x86_64 0.94.5 47.27 45.67 92.94 OK
r-patched-solaris-x86 0.94.5 156.90 OK
r-release-linux-x86_64 0.94.5 51.68 45.50 97.18 OK
r-release-macos-arm64 0.94.5 NOTE
r-release-macos-x86_64 0.94.5 OK
r-release-windows-ix86+x86_64 0.94.5 103.00 78.00 181.00 OK
r-oldrel-macos-x86_64 0.94.5 OK
r-oldrel-windows-ix86+x86_64 0.94.5 103.00 107.00 210.00 OK

Check Details

Version: 0.94.5
Check: installed package size
Result: NOTE
     installed size is 5.1Mb
     sub-directories of 1Mb or more:
     libs 4.3Mb
Flavors: r-devel-linux-x86_64-fedora-clang, r-release-macos-arm64