CRAN Package Check Results for Package RVowpalWabbit

Last updated on 2021-11-01 00:49:52 CET.

Flavor Version Tinstall Tcheck Ttotal Status Flags
r-devel-linux-x86_64-debian-clang 0.0.16 229.27 27.68 256.95 NOTE
r-devel-linux-x86_64-debian-gcc 0.0.16 155.29 21.93 177.22 NOTE
r-devel-linux-x86_64-fedora-clang 0.0.16 445.10 NOTE
r-devel-linux-x86_64-fedora-gcc 0.0.16 359.43 NOTE
r-patched-linux-x86_64 0.0.16 192.37 27.05 219.42 NOTE
r-release-linux-x86_64 0.0.16 191.51 26.70 218.21 NOTE
r-release-macos-arm64 0.0.16 ERROR
r-release-macos-x86_64 0.0.16 WARN
r-oldrel-macos-x86_64 0.0.16 WARN

Check Details

Version: 0.0.16
Check: whether package can be installed
Result: NOTE
    Found the following notes/warnings:
     Non-staged installation was used
Flavors: r-devel-linux-x86_64-debian-clang, r-devel-linux-x86_64-debian-gcc, r-devel-linux-x86_64-fedora-clang, r-devel-linux-x86_64-fedora-gcc, r-patched-linux-x86_64, r-release-linux-x86_64

Version: 0.0.16
Check: installed package size
Result: NOTE
     installed size is 8.5Mb
     sub-directories of 1Mb or more:
     libs 3.9Mb
     test 4.5Mb
Flavors: r-devel-linux-x86_64-fedora-clang, r-release-macos-x86_64, r-oldrel-macos-x86_64

Version: 0.0.16
Check: whether package can be installed
Result: ERROR
    Installation failed.
Flavor: r-release-macos-arm64

Version: 0.0.16
Check: whether package can be installed
Result: WARN
    Found the following significant warnings:
     parser.cc:302:11: warning: 'daemon' is deprecated: first deprecated in macOS 10.5 - Use posix_spawn APIs instead. [-Wdeprecated-declarations]
    Found the following additional notes/warnings:
     Non-staged installation was used
Flavors: r-release-macos-x86_64, r-oldrel-macos-x86_64