Last updated on 2021-11-01 00:49:52 CET.
Flavor | Version | Tinstall | Tcheck | Ttotal | Status | Flags |
---|---|---|---|---|---|---|
r-devel-linux-x86_64-debian-clang | 0.4.32 | 4.57 | 35.69 | 40.26 | NOTE | |
r-devel-linux-x86_64-debian-gcc | 0.4.32 | 3.33 | 27.97 | 31.30 | NOTE | |
r-devel-linux-x86_64-fedora-clang | 0.4.32 | 59.86 | NOTE | |||
r-devel-linux-x86_64-fedora-gcc | 0.4.32 | 48.07 | NOTE | |||
r-devel-windows-x86_64 | 0.4.32 | 7.00 | 68.00 | 75.00 | OK | |
r-devel-windows-x86_64-gcc10-UCRT | 0.4.32 | OK | ||||
r-patched-linux-x86_64 | 0.4.32 | 3.88 | 34.81 | 38.69 | NOTE | |
r-patched-solaris-x86 | 0.4.32 | 72.00 | NOTE | |||
r-release-linux-x86_64 | 0.4.32 | 4.10 | 34.76 | 38.86 | NOTE | |
r-release-macos-arm64 | 0.4.32 | OK | ||||
r-release-macos-x86_64 | 0.4.32 | OK | ||||
r-release-windows-ix86+x86_64 | 0.4.32 | 8.00 | 60.00 | 68.00 | OK | |
r-oldrel-macos-x86_64 | 0.4.32 | OK | ||||
r-oldrel-windows-ix86+x86_64 | 0.4.32 | 23.00 | 44.00 | 67.00 | OK |
Version: 0.4.32
Check: for non-standard things in the check directory
Result: NOTE
Found the following files/directories:
'results'
Flavors: r-devel-linux-x86_64-debian-clang, r-devel-linux-x86_64-debian-gcc, r-devel-linux-x86_64-fedora-clang, r-devel-linux-x86_64-fedora-gcc, r-patched-linux-x86_64, r-patched-solaris-x86, r-release-linux-x86_64