CRAN Package Check Results for Package RTTWebClient

Last updated on 2021-11-01 00:49:52 CET.

Flavor Version Tinstall Tcheck Ttotal Status Flags
r-devel-linux-x86_64-debian-clang 0.1.2 4.74 32.79 37.53 OK
r-devel-linux-x86_64-debian-gcc 0.1.2 3.58 25.84 29.42 OK
r-devel-linux-x86_64-fedora-clang 0.1.2 57.72 NOTE
r-devel-linux-x86_64-fedora-gcc 0.1.2 45.24 NOTE
r-devel-windows-x86_64 0.1.2 11.00 59.00 70.00 OK
r-devel-windows-x86_64-gcc10-UCRT 0.1.2 NOTE
r-patched-linux-x86_64 0.1.2 3.80 31.82 35.62 OK
r-patched-solaris-x86 0.1.2 69.70 NOTE
r-release-linux-x86_64 0.1.2 3.26 31.36 34.62 OK
r-release-macos-arm64 0.1.2 NOTE
r-release-macos-x86_64 0.1.2 NOTE
r-release-windows-ix86+x86_64 0.1.2 9.00 38.00 47.00 OK
r-oldrel-macos-x86_64 0.1.2 NOTE
r-oldrel-windows-ix86+x86_64 0.1.2 8.00 52.00 60.00 OK

Check Details

Version: 0.1.2
Check: dependencies in R code
Result: NOTE
    Namespace in Imports field not imported from: ‘withr’
     All declared Imports should be used.
Flavors: r-devel-linux-x86_64-fedora-clang, r-devel-linux-x86_64-fedora-gcc, r-devel-windows-x86_64-gcc10-UCRT, r-patched-solaris-x86, r-release-macos-arm64, r-release-macos-x86_64, r-oldrel-macos-x86_64