Last updated on 2021-11-01 00:49:52 CET.
Flavor | Version | Tinstall | Tcheck | Ttotal | Status | Flags |
---|---|---|---|---|---|---|
r-devel-linux-x86_64-debian-clang | 0.1.0.1 | 6.04 | 51.84 | 57.88 | NOTE | |
r-devel-linux-x86_64-debian-gcc | 0.1.0.1 | 4.62 | 39.28 | 43.90 | NOTE | |
r-devel-linux-x86_64-fedora-clang | 0.1.0.1 | 80.46 | NOTE | |||
r-devel-linux-x86_64-fedora-gcc | 0.1.0.1 | 67.61 | NOTE | |||
r-devel-windows-x86_64 | 0.1.0.1 | 9.00 | 79.00 | 88.00 | NOTE | |
r-devel-windows-x86_64-gcc10-UCRT | 0.1.0.1 | NOTE | ||||
r-patched-linux-x86_64 | 0.1.0.1 | 6.71 | 49.61 | 56.32 | NOTE | |
r-patched-solaris-x86 | 0.1.0.1 | 79.10 | NOTE | |||
r-release-linux-x86_64 | 0.1.0.1 | 6.18 | 48.38 | 54.56 | NOTE | |
r-release-macos-arm64 | 0.1.0.1 | NOTE | ||||
r-release-macos-x86_64 | 0.1.0.1 | NOTE | ||||
r-release-windows-ix86+x86_64 | 0.1.0.1 | 7.00 | 51.00 | 58.00 | NOTE | |
r-oldrel-macos-x86_64 | 0.1.0.1 | NOTE | ||||
r-oldrel-windows-ix86+x86_64 | 0.1.0.1 | 6.00 | 74.00 | 80.00 | NOTE |
Version: 0.1.0.1
Check: package vignettes
Result: NOTE
Package vignette with placeholder title 'Vignette Title':
'vignette.Rmd'
Flavors: r-devel-linux-x86_64-debian-clang, r-devel-linux-x86_64-debian-gcc, r-devel-windows-x86_64, r-patched-linux-x86_64, r-release-linux-x86_64, r-release-windows-ix86+x86_64, r-oldrel-windows-ix86+x86_64
Version: 0.1.0.1
Check: for non-standard things in the check directory
Result: NOTE
Found the following files/directories:
'mapCH2017.rda'
Flavors: r-devel-linux-x86_64-debian-clang, r-devel-linux-x86_64-debian-gcc, r-devel-linux-x86_64-fedora-clang, r-devel-linux-x86_64-fedora-gcc, r-patched-linux-x86_64, r-patched-solaris-x86, r-release-linux-x86_64
Version: 0.1.0.1
Check: data for non-ASCII characters
Result: NOTE
Note: found 18627 marked UTF-8 strings
Flavors: r-devel-linux-x86_64-fedora-clang, r-devel-linux-x86_64-fedora-gcc, r-devel-windows-x86_64-gcc10-UCRT, r-patched-solaris-x86, r-release-macos-arm64, r-release-macos-x86_64, r-oldrel-macos-x86_64